e remainder when n(11) is divided by 9?
6
Suppose -5 - 1 = 3*a. Let g be -1*33/a*6. Let b = -56 + g. Calculate the remainder when b is divided by 15.
13
What is the remainder when (-8)/(-32)*(-1 - -21) is divided by 4?
1
Let x(v) = -6*v + 2. Let b be x(-2). Suppose -4*f + 2*a - b = 0, 3*a + 14 + 19 = -3*f. Let i(c) = -c + 8. Calculate the remainder when 26 is divided by i(f).
12
Suppose -d = 2*d - 33. Let l(a) = 2*a**2 - 8*a + 9. What is the remainder when l(5) is divided by d?
8
Suppose 0 = n + 3*a - 9, -6*a + a - 29 = -2*n. What is the remainder when 21 is divided by n?
9
Let z = 179 - 96. What is the remainder when z is divided by 21?
20
Calculate the remainder when 98 is divided by 0 + (2 - -23)*1.
23
Let l(o) = o**3 - 20*o**2 + o + 5. Calculate the remainder when 121 is divided by l(20).
21
Let z be (-12)/8 - 33/(-2). Suppose -j = k - z, j + k - 2*k - 15 = 0. What is the remainder when ((-100)/j)/((-1)/3) is divided by 11?
9
Suppose -4250 = -3*x + x. Calculate the remainder when 2/(-9) - x/(-45) is divided by 12.
11
Let z(c) = -19*c - 1. Let p(t) = t**3 - t**2 - 4*t + 3. Let s be p(5). Let b = s - 49. Calculate the remainder when b is divided by z(-1).
16
Let d(t) = 5*t + 68. Calculate the remainder when d(-10) is divided by 3.
0
Let n(j) = 6*j + 1 + 0*j**2 + 0*j + j**3 + 6*j**2. Let w be n(-5). Let y(i) = i**2 + 4*i + 4. Calculate the remainder when 11 is divided by y(w).
3
Suppose 0 = -5*m + 2*d + 44, -4*m + d + 9 = -25. Suppose 4*k - 76 - m = 0. What is the remainder when 41 is divided by k?
20
Suppose -n = n + 3*l - 12, 0 = -5*n - 2*l + 52. Calculate the remainder when 34 is divided by n.
10
Let y = -21 - -38. Suppose 5 = 4*x - 3. Suppose 0 = -x*m + m + 9. What is the remainder when y is divided by m?
8
Calculate the remainder when (-166)/(-8) - (-4)/16 is divided by (-22)/(-2)*5/5.
10
Let v = 166 + -85. Suppose n + 0*w = -4*w + v, 5*n - w - 300 = 0. Let h = 43 - 22. What is the remainder when n is divided by h?
19
Suppose -n - 4*d + 4 = -5, 3 = -3*n + 3*d. Calculate the remainder when n - -8 - (-1 + -1) is divided by 6.
5
Let o = 11 - 6. Suppose 137 = o*g + c - 5*c, -3*g - 4*c = -95. What is the remainder when g is divided by 15?
14
Suppose 3*g - 217 = 4*x - 0*x, 2*g = -2*x + 168. Suppose -3*p - 14 = -2*f - 7*p, -5*f = -p - g. Calculate the remainder when 42 is divided by f.
12
Calculate the remainder when 2/(39/36 + -1) is divided by 13.
11
Suppose 4*y - 88 = -4*y. What is the remainder when 31 is divided by y?
9
Suppose -2*p + 78 = -2*o, -p - 2*o = 4*p - 216. What is the remainder when p is divided by 11?
9
Suppose 16 + 9 = 5*f. Suppose 117 = f*x - 78. Calculate the remainder when x is divided by (-284)/(-14) + 4/(-14).
19
Suppose 3*h - x - 2*x + 3 = 0, 0 = -x + 4. Suppose 8*q - c = h*q - 61, -3*q - 4*c - 55 = 0. Let v = 33 + q. What is the remainder when v is divided by 7?
6
Suppose -3*l + 10 = 2*l, 37 = n - 5*l. What is the remainder when 232 is divided by n?
44
Suppose 46 = 5*c - 14. What is the remainder when 33 is divided by c?
9
Let d(f) = -f + 3. Let x be d(3). Suppose x = -i + 2*k + 9, 4*i - 3*k = 7*i - 27. What is the remainder when 25 is divided by i?
7
What is the remainder when 15 is divided by (-7 + 4)*5/(-3)?
0
Suppose 0 = -2*c - 22 + 342. Calculate the remainder when 60 is divided by 24/(-10)*c/(-24).
12
Let j be 3 + -4 - (-4)/2. Let o = 3 - j. Let d(n) = n + 2. Calculate the remainder when o is divided by d(0).
0
Suppose 0 = -2*z + 18 + 26. What is the remainder when z is divided by 13?
9
Let s be (-1364)/(-10) - (-8)/(-20). Suppose 0 = -2*c, -l - 3*l + s = 5*c. What is the remainder when l is divided by 12?
10
Let b(w) be the third derivative of -w**4/24 - 7*w**3/6 + w**2. What is the remainder when 9 is divided by b(-10)?
0
Suppose 8 = -2*c, -2*d - 3*c + 0*c = -116. Calculate the remainder when d is divided by 13.
12
Suppose 5*s = 2*s + 51. What is the remainder when 45 is divided by s?
11
Let m = -25 + 35. What is the remainder when 29 is divided by m?
9
Let v(b) = -2*b - 4. Suppose 3*j - 5 = 7. Let y be 2*27/(-24)*j. Calculate the remainder when 26 is divided by v(y).
12
Suppose 3*q - 382 = 5*g, -5*g + 308 + 178 = 4*q. What is the remainder when q is divided by 14?
12
Suppose -2 = 87*a - 88*a. Calculate the remainder when 6 is divided by a.
0
Calculate the remainder when 34 is divided by 1/((1 - 3)/(-18)).
7
Let x = 3 + 17. What is the remainder when x is divided by 7?
6
Suppose -x - 2*q + 34 = 0, 2*x - 25 - 36 = 3*q. What is the remainder when x is divided by 11?
10
Suppose 261 = 2*c - 3*q, 5*q + 54 = c - 59. Let h = c - 69. What is the remainder when h is divided by 10?
9
Let f(y) = 8*y**2 - 7*y - 7. What is the remainder when f(-4) is divided by 25?
24
Let o = -15 + 29. Calculate the remainder when 55 is divided by o.
13
Let x(j) = -j**2 + 9*j - 6. Let m be x(8). Calculate the remainder when 34 is divided by 9*(2 - m/3).
10
Let x = -37 + 136. What is the remainder when x is divided by 17?
14
Let w(h) = 3*h - 3. Let l(u) = -3*u**3 - 7*u - 2 - 3 + 4*u**2 + 4*u**3. Let g be l(-5). What is the remainder when 23 is divided by w(g)?
11
Suppose 5*j - 2*p = 142, -5*j + 6*p - p = -145. What is the remainder when 52 is divided by j?
24
Suppose 0*o - 2*o = h - 27, 4*h - 96 = -4*o. Let v = -110 - -69. Let f = 0 - v. What is the remainder when f is divided by h?
20
Suppose 19*r - 22*r = -159. Suppose -5*l - 11 = 5*n + 4, -2*n - 15 = -l. What is the remainder when r is divided by n/(-15)*(-70)/(-2)?
11
Let o(y) = -2*y**3 - 4*y**2 - 2*y + 2. Let g be o(-2). Let u(p) = p**2 + 5*p - 6. What is the remainder when u(-7) is divided by 2/(-6) - (-20)/g?
2
Suppose -5*v = 2*j - 101, -140 = -3*j + 3*v + v. Suppose 3*w - j + 6 = 0. What is the remainder when w is divided by 5?
4
Let a be 5*1 - (2 - 0). Let b(c) = c**3 + 3*c**2 - 3*c - 1. What is the remainder when b(a) is divided by (6/(-8))/((-4)/80)?
14
Let k = 62 + -14. Suppose -v = 3*v - k. Calculate the remainder when 46 is divided by v.
10
Let m(b) = -67*b + 5 - 1 - 3 + 25*b. Let v(j) = j - 6. Let n be v(5). Calculate the remainder when m(n) is divided by 15.
13
Suppose a + 3*l = 27, -70 = -5*a - 7*l + 5*l. Calculate the remainder when 46 is divided by a.
10
Suppose -a - 3 = -7. Suppose -a*o + 4*r + r + 75 = 0, -3*o - 3*r = -36. Calculate the remainder when 27 is divided by o.
12
Let v = 12 + -7. Suppose i - x = 8, -v*x + 2 = -i + 6. What is the remainder when 25 is divided by i?
7
Let a = 0 - -7. What is the remainder when 25 is divided by a?
4
Let s be 6 - (9/3)/3. Suppose 27 = -a - s*q + 77, 2*a + 2*q - 84 = 0. Calculate the remainder when a is divided by 14.
12
Let f = 16 - 9. What is the remainder when f is divided by 2?
1
Let i(q) = -8*q + 2. Suppose -17*h = -109 - 44. What is the remainder when i(-3) is divided by h?
8
Let v = 7 + 9. Let a = 4 - 3. Calculate the remainder when v is divided by (1 + a - -4)/1.
4
Suppose -j = -41 + 9. What is the remainder when 127 is divided by j?
31
Suppose 4*v + 25 + 19 = 0. Let c = 1 - v. Calculate the remainder when 45 is divided by c.
9
Let g be 0/(-2*(-3)/6). Suppose g = 3*r + 2*r - 290. Calculate the remainder when r is divided by 15.
13
Suppose 2*r + 4*f = -f + 17, 3*f = -9. Suppose 5*g + 10 = 5*s, -13 = 4*s + 5*g - 57. Calculate the remainder when r is divided by s.
4
Let f = 15 + -6. Let w = f + 2. Calculate the remainder when 42 is divided by w.
9
Let q be 40/6*(-18)/15. Let h = q - -9. What is the remainder when h is divided by 1?
0
Let d be 37/7 + 4/(-14). Let b = d + 12. Calculate the remainder when 49 is divided by b.
15
Let j(k) = k. Let o = -3 - -4. Let w(b) = -10*b + 2. Let m(g) = o*w(g) + 6*j(g). What is the remainder when 19 is divided by m(-2)?
9
Let q(m) = m**2 + m - 7. Let s be q(0). Let u = 0 - s. Calculate the remainder when 13 is divided by u.
6
Suppose 3*g - 3*i = 69, i = 5*g + 3*i - 87. Calculate the remainder when g is divided by 8.
3
Let m(n) = 5*n - 1. Let r be m(1). Let t be ((-2)/4)/(r/152). Let u = -10 - t. What is the remainder when 26 is divided by u?
8
Let s = 41 + -57. Let m = 18 + s. Calculate the remainder when 3 is divided by m.
1
Let f = 79 + -21. What is the remainder when f is divided by 12?
10
Let d = 10 - 6. What is the remainder when 18 is divided by d?
2
Let j = -9 - -9. Suppose a - 3 - 